29*g + 129. Let i be s(-23). Let l = i + n. Calculate the remainder when 28 is divided by l.
4
Let l = -75 + 130. Let n = -29 + l. Suppose n = 21*r - 19*r. Calculate the remainder when 49 is divided by r.
10
Let x = 10524 - 10435. Let o = -31 - -51. Let d = o - 7. What is the remainder when x is divided by d?
11
Suppose -n - 11 = -l - 4, 5*l - n = 51. Suppose l*r - 18 = 4. What is the remainder when ((-3)/(-3) - -1) + 2 is divided by r?
0
Calculate the remainder when 641 is divided by 7 + (-12)/48*-44.
11
Calculate the remainder when 1564 is divided by 52 + (-6)/14*7.
45
Let f = 168 + -207. Let u(q) = q**2 + 42*q + 142. What is the remainder when (-1)/2 + (-194)/(-4) is divided by u(f)?
23
Let p be (-2 - 0)*(-252)/24. Suppose 14 = 3*m + 4*f, -4*m + f + p = 4*f. Suppose 16*h = m*h + 560. What is the remainder when 109 is divided by h?
53
What is the remainder when ((-98)/(-14))/(-91)*-23543 is divided by 15?
11
Suppose -3*u - 4*s + 70982 = 0, -6*s = -5*u + 16378 + 101900. Calculate the remainder when u is divided by 338.
336
Let q = 428 - 43. Let a = q + -376. What is the remainder when 166 is divided by a?
4
Let c = -44 - -43. Let g(q) = 30*q + 185. What is the remainder when g(-4) is divided by 1*(9 + c) + -4 + 7?
10
Suppose -4*z - 161 = -5*z + 4*y, z + 2*y = 131. Suppose -4*i - 5*q = -91, 4*i - 4*q - 136 = -0*i. What is the remainder when z is divided by i?
25
Let w = 0 + 21. What is the remainder when (86/129)/(4/384) is divided by w?
1
Suppose -9*g + 8*g + 5 = 0. Let d(o) = -o**2 + 6*o + 6. What is the remainder when 43 is divided by d(g)?
10
Suppose -56*s - 45*s + 33936 = 0. Calculate the remainder when 13772 is divided by s.
332
Let b(x) = 8*x - 122. Let h be b(24). Suppose 57 = 73*w - h*w. What is the remainder when w is divided by 5?
4
Suppose 7248 = -282*y + 886*y. Suppose 3*g - r = 251, g = 2*g - 4*r - 91. Calculate the remainder when g is divided by y.
11
Let q = 28 - 14. Suppose 37*w - 493 = -86. Suppose -w*s + 66 = -44. What is the remainder when q is divided by s?
4
Let z = 11257 - 10945. Calculate the remainder when z is divided by 52.
0
Let v = 76714 - 76634. What is the remainder when v is divided by -1*(-33)/(-6)*-2?
3
Suppose 65*m = 69*m + 472. Let x = -92 - m. Calculate the remainder when x is divided by 4.
2
Let t(f) = -95*f + 813. Calculate the remainder when 3018 is divided by t(8).
50
Let z be ((-55)/15 + 3)*18/(-4). Suppose 2*h = -m + 30, z*h = 2*m - 6*m + 140. Let a = 33 + -12. Calculate the remainder when m is divided by a.
17
Let a be 14/(-8) - (-56)/32. Suppose 254*p - 248*p - 126 = a. What is the remainder when p is divided by 1/3 - 70/(-6)?
9
Let r = 1 + -1. Suppose 0 = -r*k + k + y - 16, -5*k = -y - 62. Suppose 3*v + 5*w = 7*w + 142, 3*v + 5*w - 128 = 0. What is the remainder when v is divided by k?
7
Suppose 0 = -5*v + 2*v - 18, -5*v - 156 = -3*k. What is the remainder when k is divided by -6*3/((-18)/4)?
2
Suppose -o - 15 = -2*l, 0 = 2*l + 5*o + 2 + 1. Suppose 0 = l*i - 48 - 30. Let z(u) = -9*u - 4. What is the remainder when z(-6) is divided by i?
11
Suppose 6*q = 2*q + 12. Suppose q*u - 45 = 18. What is the remainder when ((-800)/8)/4*-2 is divided by u?
8
Suppose 3*w = 2*p - 34, 3*p - 6*p + 51 = 5*w. Suppose m = 2*y - 8, 6*m + p = 3*y + 7*m. What is the remainder when 53 is divided by (2 - -2 - y)*-7?
4
Let t = 8141 - 7778. What is the remainder when t is divided by 63?
48
Suppose 0 = -3*w + 89 + 67. Suppose 5*z - 10 = 0, -4*k + w + 16 = -2*z. What is the remainder when k is divided by 7?
4
Calculate the remainder when 815 - 1 - (40/4 - 5) is divided by 54.
53
Let g(d) = 3*d**2 + 47*d + 207. What is the remainder when 644 is divided by g(-9)?
23
Let g = 570 + -545. What is the remainder when ((-2478)/210)/((-1)/g) is divided by 8?
7
Suppose 46*n = 3*r + 43*n - 321, -446 = -4*r + 2*n. Calculate the remainder when 138 is divided by r.
22
Let a(u) = 37*u**2 - 35*u**2 - 3 + 14 + 27*u**3 - 2*u - 5*u. Calculate the remainder when a(2) is divided by 15.
11
Calculate the remainder when 271 is divided by (-863)/(-2589)*((-12)/2)/((-2)/12).
7
Let m be 2 + -3 + (-3 - (-3 - 1)). Calculate the remainder when 431 is divided by 3 + 63/(m + 7).
11
Let s(w) = 5*w**3 + 8*w**2 + 10*w + 39. What is the remainder when s(10) is divided by 13?
11
Suppose 19*y = 23*y + 460. What is the remainder when -3 + 2 + (-5 - y) is divided by -1*(-1 + (4 - 25))?
21
Calculate the remainder when (-2586)/10*80/(-48) is divided by 86.
1
Let p(u) = -u**3 + 26*u**2 - 13*u - 20. Let q be p(25). Suppose -2*g = 4*f - q, -f - 359 = -6*f + 2*g. Calculate the remainder when f is divided by 17.
3
Let z(l) = 3*l**2 - 286*l + 1463. What is the remainder when 407 is divided by z(5)?
83
Suppose 0 = -37*m + 32*m + 10. Suppose m*l = -159 + 423. Suppose 0 = 2*h - 2*u - l, -h + 2*u + 54 = 4*u. What is the remainder when h is divided by 21?
20
Let x = -6121 - -6245. What is the remainder when 277 is divided by x?
29
Let t = 3 + -2. Let h be 12306/(-14) - (-3)/(-1). Calculate the remainder when 82 is divided by (t - -4)*h/(-105).
40
Let f be 22/(-8) + (6 - (-25)/(-4)). Let x(b) = 2*b**3 + 4*b**2 - 5*b + 7. Calculate the remainder when 18 is divided by x(f).
2
Suppose -5*w - 11 = -v - 112, -7 = -w - 2*v. Calculate the remainder when 45 is divided by w.
7
Suppose -8*j = -19*j + 264. Suppose 18*o + 522 = j*o. Let a = 108 - o. Calculate the remainder when 41 is divided by a.
20
Let m(g) = -g**3 + g**2 - 2*g - 1. Let v(s) = 8*s + 11. Let n be v(-7). Let p be n/27 + (-4)/3. Calculate the remainder when 163 is divided by m(p).
40
Let q(g) = 6*g**2 - 37*g + 23. What is the remainder when q(13) is divided by 9?
7
Suppose 4*x - 10 = 2*q, 5*x - 3 = -4*q + 29. Let k(t) = 57 - 10*t + t + 0*t + 4*t. What is the remainder when q is divided by k(11)?
1
Suppose -5*k - 4 = -g, 2*g + 3 - 11 = 2*k. Suppose 0 = -c - 0*c - g*d + 45, -5*c = -d - 183. Calculate the remainder when 109 is divided by c.
35
Suppose 64 = 5*r - 3*h, -4*r + h = -3*h - 48. Let o = -4316 - -4410. Calculate the remainder when o is divided by r.
10
Suppose -5*s - 7 = -s + 3*n, 3*n = 3*s. Calculate the remainder when 35*(364/(-35))/s is divided by 61.
59
Suppose -2*h + 18 = 2*v, h + 40 = 5*h + 2*v. Suppose -5*w = -h*w + 132. Calculate the remainder when 34 is divided by w.
12
Suppose 6*h + 425 = 889 + 1222. What is the remainder when h is divided by 94?
93
Let a be ((-96)/(-4))/6 + -14. Calculate the remainder when 249 is divided by 35 + (-2 - -5) + (-40)/a.
39
Let l(i) = 665*i + 10361. What is the remainder when l(-11) is divided by 19?
6
Let b(v) = 9 - 7*v - 28 - 3*v + 2*v. Let k = -1095 + 1089. What is the remainder when b(k) is divided by 15?
14
Let q(l) = -173*l + 1960. What is the remainder when 1169 is divided by q(8)?
17
What is the remainder when 1054 is divided by 1/((-3)/(-35))*(-16800)/(-4000)?
25
Let j = 27473 + -27449. What is the remainder when 211 is divided by j?
19
Suppose 3*y + 4*j - 1296 = 0, 2*j = -4*y + 3*j + 1728. Suppose 37*l - 3244 + y = 0. What is the remainder when l is divided by 27?
22
Suppose 2868 = -5*z + 17*z. Suppose 12*g - z = 13. What is the remainder when 82 is divided by g?
19
Suppose 51*f + 66*f = 9*f + 59724. What is the remainder when f is divided by 262?
29
Suppose 3*o = -2*t + 581, -286 = -t - 0*o - 3*o. Calculate the remainder when t is divided by 74.
73
Let j(m) = 4*m - 26. Let p be j(8). Suppose -12*t + p*t = -438. Calculate the remainder when t is divided by 5.
3
Let k be 10 + -6 + (8 - -409). Suppose 2*p + 0*p + 5*s = k, 0 = 4*p - s - 831. Calculate the remainder when p is divided by 70.
68
Let j = 6120 + -3038. Suppose -j = -25*m - 42*m. Let i = 0 + 16. Calculate the remainder when m is divided by i.
14
Let p = -111 + 113. What is the remainder when 63 is divided by (30/(-35))/(p/(-84))?
27
Suppose 2*f - 2*d - 10 = 0, 41*f - 5*d + 45 = 43*f. Calculate the remainder when 181 is divided by f.
1
Let t = -4641 + 4949. What is the remainder when t is divided by 25?
8
Let z(g) = -10*g**2 - g + 14. Let v be z(-6). Let x = v - -526. What is the remainder when x is divided by 49?
39
Let x(z) = -3*z**2 - 6*z - 4. Let i be x(-2). Calculate the remainder when 59 + 4 - (11 - i)/5 is divided by 21.
18
Suppose 42 = -6*w, -89*u - 136 = -94*u - 2*w. What is the remainder when 440 